{"id":1250,"date":"2022-05-16T16:33:02","date_gmt":"2022-05-16T14:33:02","guid":{"rendered":"http:\/\/canetaccueil.com\/?page_id=1250"},"modified":"2026-04-27T12:27:51","modified_gmt":"2026-04-27T10:27:51","slug":"rando-marche-marche-nordique","status":"publish","type":"page","link":"https:\/\/canetaccueil.com\/index.php\/rando-marche-marche-nordique\/","title":{"rendered":"** Rando Marche Marche Nordique **"},"content":{"rendered":"<div class=\"wp-block-image is-resized\">\n<figure class=\"aligncenter size-full\"><img loading=\"lazy\" decoding=\"async\" width=\"298\" height=\"447\" src=\"https:\/\/canetaccueil.com\/wp-content\/uploads\/2022\/07\/Marcheur-Rando-1.gif\" alt=\"\" class=\"wp-image-3032\" style=\"aspect-ratio:0.6666666666666666;object-fit:cover;width:167px;height:auto\"\/><\/figure>\n<\/div>\n\n\n<p class=\"has-text-align-center has-black-color has-luminous-vivid-amber-background-color has-text-color has-background has-large-font-size\">&#8211; <span style=\"color: #ff0000;\"><strong>INFOS RANDOS MARCHES &#8211;<\/strong><\/span><br>Modification de la rando mardi jour du 19 mai. <\/p>\n\n\n\n<p class=\"has-text-align-center has-vivid-red-color has-cyan-bluish-gray-background-color has-text-color has-background has-large-font-size\">**** <strong>ATTENTION<\/strong> ****<br>Rendez vous pour les d\u00e9parts <br>au <strong>Parking Les Floralies<\/strong><br><em>Intersection Avenue des Floralies<br> et Avenue du Grand large<\/em>.<br><strong>En voiture<\/strong>, prendre direction St Cyprien mais tourner \u00e0 gauche sur Avenue des ar\u00e8nes puis <strong>3\u00b0<\/strong> \u00e0 droite sur avenue des Floralies<\/p>\n\n\n\n<p class=\"has-text-align-center has-vivid-red-color has-vivid-green-cyan-background-color has-text-color has-background has-large-font-size\">        <strong>Vous voulez animer des randos ?<\/strong> <br>Venez rejoindre  l&#8217;\u00e9quipe animatrices, animateurs. <br><strong>Nous avons besoin de vous <\/strong>pour continuer \u00e0 proposer des randonn\u00e9es. <\/p>\n\n\n\n<p class=\"has-text-align-center has-black-color has-vivid-cyan-blue-background-color has-text-color has-background has-large-font-size\"><strong>S\u00e9jour ROSAS<\/strong><br>du vendredi 29 au dimanche 31\/05\/26 <br>** Inscriptions ouvertes aux permanences **<br><a href=\"https:\/\/canetaccueil.com\/wp-content\/uploads\/2026\/01\/Procedure-inscription-V2.pdf\" data-type=\"link\" data-id=\"https:\/\/canetaccueil.com\/wp-content\/uploads\/2026\/01\/Procedure-inscription-V2.pdf\" target=\"_blank\" rel=\"noreferrer noopener\"><strong>Pour s&#8217;inscrire<\/strong><\/a>:<br><a href=\"https:\/\/canetaccueil.com\/wp-content\/uploads\/2026\/01\/Annexe-12-Rosas-2026-notice-info-prealable-Or-V1.pdf\" data-type=\"link\" data-id=\"https:\/\/canetaccueil.com\/wp-content\/uploads\/2026\/01\/Annexe-12-Rosas-2026-notice-info-prealable-Or-V1.pdf\" target=\"_blank\" rel=\"noreferrer noopener\">&#8211; Notice information<\/a><br><a href=\"https:\/\/canetaccueil.com\/wp-content\/uploads\/2026\/01\/Annexe-13-Rosas-2026-bulletin-inscription-Or-OK.pdf\" data-type=\"link\" data-id=\"https:\/\/canetaccueil.com\/wp-content\/uploads\/2026\/01\/Annexe-13-Rosas-2026-bulletin-inscription-Or-OK.pdf\" target=\"_blank\" rel=\"noreferrer noopener\">&#8211; Bulletin Individuel d&#8217;Inscription<\/a><br><a href=\"https:\/\/canetaccueil.com\/wp-content\/uploads\/2026\/01\/Annexe-11-Rosas-Souscr.-assurances-V1.pdf\" data-type=\"link\" data-id=\"https:\/\/canetaccueil.com\/wp-content\/uploads\/2026\/01\/Annexe-11-Rosas-Souscr.-assurances-V1.pdf\" target=\"_blank\" rel=\"noreferrer noopener\">&#8211; Assurances Optionnelles <\/a><\/p>\n\n\n\n<h2 class=\"wp-block-heading has-text-align-center has-vivid-red-color has-light-green-cyan-background-color has-text-color has-background has-large-font-size\"><strong>INSCRIPTIONS SAISON 2025\/2026<\/strong><br>&#8211; Aux permanences Foyer Moudat<br>lundis, mercredis 14h &#8211; 16h30<br><br><strong>DOCUMENTS D&#8217;INSCRIPTION<\/strong>: <br> &#8211; <span style=\"color: #0000ff;\"><strong><a href=\"https:\/\/canetaccueil.com\/wp-content\/uploads\/2025\/07\/FICHE-INSCRIPTION-CANET-ACCUEIL-2025-2026-format-A4.pdf\" data-type=\"link\" data-id=\"https:\/\/canetaccueil.com\/wp-content\/uploads\/2025\/07\/FICHE-INSCRIPTION-CANET-ACCUEIL-2025-2026-format-A4.pdf\" target=\"_blank\" rel=\"noreferrer noopener\">Fiche Inscription Canet Accueil <\/a><br>&#8211; <a href=\"https:\/\/canetaccueil.com\/wp-content\/uploads\/2025\/08\/Bulletin-Inscription-FFR-2025-2026-V1-1.pdf\" data-type=\"link\" data-id=\"https:\/\/canetaccueil.com\/wp-content\/uploads\/2025\/08\/Bulletin-Inscription-FFR-2025-2026-V1-1.pdf\" target=\"_blank\" rel=\"noreferrer noopener\">Bulletin Inscription FFRandonn\u00e9e <\/a><\/strong><\/span> <br>&#8211; <strong><a href=\"https:\/\/canetaccueil.com\/wp-content\/uploads\/2024\/07\/QUESTIONNAIRE-DE-SANTE-QS-\u2013-SPORT-1.pdf\" data-type=\"link\" data-id=\"https:\/\/canetaccueil.com\/wp-content\/uploads\/2024\/07\/QUESTIONNAIRE-DE-SANTE-QS-\u2013-SPORT-1.pdf\" target=\"_blank\" rel=\"noreferrer noopener\">Questionnaire Sant\u00e9<\/a><\/strong> <br>&#8211; <strong><a href=\"https:\/\/canetaccueil.com\/wp-content\/uploads\/2024\/07\/Attestation-Questionnaire-Sante-.pdf\" data-type=\"link\" data-id=\"https:\/\/canetaccueil.com\/wp-content\/uploads\/2024\/07\/Attestation-Questionnaire-Sante-.pdf\" target=\"_blank\" rel=\"noreferrer noopener\">Attestation Renouvellement Licence<\/a><\/strong><br><strong>&#8211; <a href=\"https:\/\/canetaccueil.com\/wp-content\/uploads\/2025\/09\/Certificat-Medical-RS-2025-2026-.pdf\" data-type=\"link\" data-id=\"https:\/\/canetaccueil.com\/wp-content\/uploads\/2025\/09\/Certificat-Medical-RS-2025-2026-.pdf\" target=\"_blank\" rel=\"noreferrer noopener\">Certificat M\u00e9dical sp\u00e9cifique Rando Sant\u00e9<\/a><a href=\"https:\/\/canetaccueil.com\/wp-content\/uploads\/2025\/08\/Certificat-Medical-RS-2025-2026-.pdf\" target=\"_blank\" rel=\"noreferrer noopener\"><\/a><\/strong><br><strong>&#8211; <a href=\"https:\/\/canetaccueil.com\/wp-content\/uploads\/2025\/08\/Rglt-General-Section-Rando-aout-2025-V1.pdf\" data-type=\"link\" data-id=\"https:\/\/canetaccueil.com\/wp-content\/uploads\/2025\/08\/Rglt-General-Section-Rando-aout-2025-V1.pdf\" target=\"_blank\" rel=\"noreferrer noopener\">R\u00e8glement Int\u00e9rieur Section Rando, Marche, Marche Nordique<\/a><\/strong><br><strong>&#8211; <a href=\"https:\/\/canetaccueil.com\/wp-content\/uploads\/2025\/08\/Rglt-R-Sante-Aout-2025-V1.pdf\" data-type=\"link\" data-id=\"https:\/\/canetaccueil.com\/wp-content\/uploads\/2025\/08\/Rglt-R-Sante-Aout-2025-V1.pdf\" target=\"_blank\" rel=\"noreferrer noopener\">R\u00e8glement Int\u00e9rieur Additif Rando Sant\u00e9<\/a><\/strong><br><br><strong>S&#8217;assurer pour 1, 8, 30 jours <\/strong><br><strong>avec le Pass D\u00e9couverte<\/strong><br><a href=\"https:\/\/canetaccueil.com\/wp-content\/uploads\/2025\/08\/Fiche-Pass-Decouverte-FFR-2025-2026-Image.pdf\" data-type=\"link\" data-id=\"https:\/\/canetaccueil.com\/wp-content\/uploads\/2025\/08\/Fiche-Pass-Decouverte-FFR-2025-2026-Image.pdf\" target=\"_blank\" rel=\"noreferrer noopener\">Fiche Inscription Pass D\u00e9couverte<\/a><span style=\"color: #3366ff;\"><span style=\"color: #ff0000;\">&nbsp; &nbsp; <\/span><\/span><br><\/h2>\n\n\n\n<div class=\"wp-block-group has-black-color has-white-background-color has-text-color has-background has-medium-font-size\"><div class=\"wp-block-group__inner-container is-layout-constrained wp-block-group-is-layout-constrained\">\n<p class=\"has-text-align-left has-luminous-vivid-amber-color has-white-background-color has-text-color has-background has-large-font-size\"><span style=\"color: #ff0000;\">Le covoiturage est organis\u00e9 \u00e0 partir de Canet, depuis le <strong>parking des Floralies.<\/strong> <\/span><br><span style=\"color: #ff0000;\">Les randonneurs qui se rendent directement sur le lieu de la randonn\u00e9e doivent en informer l&#8217;animateur.<\/span><\/p>\n<\/div><\/div>\n\n\n\n<div class=\"wp-block-group has-black-color has-white-background-color has-text-color has-background is-vertical is-content-justification-center is-layout-flex wp-container-core-group-is-layout-4b2eccd6 wp-block-group-is-layout-flex\">\n<p class=\"has-text-align-center has-black-color has-text-color has-medium-font-size\"><strong>Les Randos de mardis AM et Jeudis matin sont strictement les m\u00eames afin de <br>r\u00e9partir les diff\u00e9rents randonneurs et constituer des groupes &#8220;g\u00e9rables&#8221;<br>Qu&#8217;on se le dise &#8230;&#8230;<\/strong><\/p>\n<\/div>\n\n\n\n<div class=\"wp-block-group has-white-background-color has-background is-vertical is-content-justification-center is-layout-flex wp-container-core-group-is-layout-4b2eccd6 wp-block-group-is-layout-flex\">\n<p class=\"has-text-align-center has-vivid-red-color has-white-background-color has-text-color has-background has-medium-font-size\"><\/p>\n<\/div>\n\n\n\n<div class=\"wp-block-group alignwide is-vertical is-content-justification-center is-layout-flex wp-container-core-group-is-layout-4b2eccd6 wp-block-group-is-layout-flex\">\n<h4 style=\"text-align: center;\"><span style=\"color: #ff6600;\"><strong><span class=\"wsg-font-size-55\">PARTENARIAT FEDERATION FRANCAISE DE RANDONNEE\/INTERSPORT <br \/>PERPIGNAN Av d&#8217;Espagne, CANET<br \/><\/span><\/strong><\/span><span style=\"color: #ff6600;\"><strong>&#8211; Remise de 20 % sur pr\u00e9sentation de votre licence et d&#8217;une pi\u00e8ce d&#8217;identit\u00e9, <\/strong><\/span><span style=\"color: #ff6600;\"><strong>pour l&#8217;achat de mat\u00e9riel et fournitures longe c\u00f4te et\/ou randonn\u00e9e.\u00a0<br \/>&#8211; Remise de 10% sur autres articles, (hors promotions , soldes et rayons cycles, musculation)<\/strong><\/span><\/h4>\n\n\n\n<h3 class=\"wp-block-heading has-medium-font-size\"><span style=\"color: #3366ff;\"><span style=\"color: #ff0000;\">&nbsp;&nbsp;<\/span> &nbsp; &nbsp;<\/span><\/h3>\n\n\n\n<hr class=\"wp-block-separator has-alpha-channel-opacity is-style-default\"\/>\n\n\n\n<hr class=\"wp-block-separator has-alpha-channel-opacity\"\/>\n\n\n\n<p class=\"has-text-align-center wp-block-heading has-medium-font-size\"><\/p>\n\n\n\n<p class=\"has-text-align-center\">______________________________________________________<\/p>\n\n\n\n<hr class=\"wp-block-separator has-css-opacity\"\/>\n\n\n<div class=\"wp-block-image is-resized\">\n<figure class=\"aligncenter\"><img decoding=\"async\" src=\"https:\/\/canetaccueil.com\/wp-content\/uploads\/2022\/06\/Marcheur01-1.gif\" alt=\"\" class=\"wp-image-2669\"\/><\/figure>\n<\/div>\n\n\n<p><\/p>\n<\/div>\n","protected":false},"excerpt":{"rendered":"<p>&#8211; INFOS RANDOS MARCHES &#8211;Modification de la rando mardi jour du 19 mai. **** ATTENTION ****Rendez vous pour les d\u00e9parts au Parking Les FloraliesIntersection Avenue des Floralies et Avenue du Grand large.En voiture, prendre&#46;&#46;&#46;<\/p>\n","protected":false},"author":31,"featured_media":0,"parent":0,"menu_order":0,"comment_status":"closed","ping_status":"closed","template":"","meta":{"footnotes":""},"class_list":["post-1250","page","type-page","status-publish","hentry"],"_links":{"self":[{"href":"https:\/\/canetaccueil.com\/index.php\/wp-json\/wp\/v2\/pages\/1250","targetHints":{"allow":["GET"]}}],"collection":[{"href":"https:\/\/canetaccueil.com\/index.php\/wp-json\/wp\/v2\/pages"}],"about":[{"href":"https:\/\/canetaccueil.com\/index.php\/wp-json\/wp\/v2\/types\/page"}],"author":[{"embeddable":true,"href":"https:\/\/canetaccueil.com\/index.php\/wp-json\/wp\/v2\/users\/31"}],"replies":[{"embeddable":true,"href":"https:\/\/canetaccueil.com\/index.php\/wp-json\/wp\/v2\/comments?post=1250"}],"version-history":[{"count":1698,"href":"https:\/\/canetaccueil.com\/index.php\/wp-json\/wp\/v2\/pages\/1250\/revisions"}],"predecessor-version":[{"id":11422,"href":"https:\/\/canetaccueil.com\/index.php\/wp-json\/wp\/v2\/pages\/1250\/revisions\/11422"}],"wp:attachment":[{"href":"https:\/\/canetaccueil.com\/index.php\/wp-json\/wp\/v2\/media?parent=1250"}],"curies":[{"name":"wp","href":"https:\/\/api.w.org\/{rel}","templated":true}]}}

<div class="wp-block-image is-resized">
<figure class="aligncenter size-full"><img loading="lazy" decoding="async" width="298" height="447" src="https://canetaccueil.com/wp-content/uploads/2022/07/Marcheur-Rando-1.gif" alt="" class="wp-image-3032" style="aspect-ratio:0.6666666666666666;object-fit:cover;width:167px;height:auto"/></figure>
</div>


<p class="has-text-align-center has-black-color has-luminous-vivid-amber-background-color has-text-color has-background has-large-font-size">&#8211; <span style="color: #ff0000;"><strong>INFOS RANDOS MARCHES &#8211;</strong></span><br>Modification de la rando mardi jour du 19 mai. </p>



<p class="has-text-align-center has-vivid-red-color has-cyan-bluish-gray-background-color has-text-color has-background has-large-font-size">**** <strong>ATTENTION</strong> ****<br>Rendez vous pour les départs <br>au <strong>Parking Les Floralies</strong><br><em>Intersection Avenue des Floralies<br> et Avenue du Grand large</em>.<br><strong>En voiture</strong>, prendre direction St Cyprien mais tourner à gauche sur Avenue des arènes puis <strong>3°</strong> à droite sur avenue des Floralies</p>



<p class="has-text-align-center has-vivid-red-color has-vivid-green-cyan-background-color has-text-color has-background has-large-font-size">        <strong>Vous voulez animer des randos ?</strong> <br>Venez rejoindre  l&#8217;équipe animatrices, animateurs. <br><strong>Nous avons besoin de vous </strong>pour continuer à proposer des randonnées. </p>



<p class="has-text-align-center has-black-color has-vivid-cyan-blue-background-color has-text-color has-background has-large-font-size"><strong>Séjour ROSAS</strong><br>du vendredi 29 au dimanche 31/05/26 <br>** Inscriptions ouvertes aux permanences **<br><a href="https://canetaccueil.com/wp-content/uploads/2026/01/Procedure-inscription-V2.pdf" data-type="link" data-id="https://canetaccueil.com/wp-content/uploads/2026/01/Procedure-inscription-V2.pdf" target="_blank" rel="noreferrer noopener"><strong>Pour s&#8217;inscrire</strong></a>:<br><a href="https://canetaccueil.com/wp-content/uploads/2026/01/Annexe-12-Rosas-2026-notice-info-prealable-Or-V1.pdf" data-type="link" data-id="https://canetaccueil.com/wp-content/uploads/2026/01/Annexe-12-Rosas-2026-notice-info-prealable-Or-V1.pdf" target="_blank" rel="noreferrer noopener">&#8211; Notice information</a><br><a href="https://canetaccueil.com/wp-content/uploads/2026/01/Annexe-13-Rosas-2026-bulletin-inscription-Or-OK.pdf" data-type="link" data-id="https://canetaccueil.com/wp-content/uploads/2026/01/Annexe-13-Rosas-2026-bulletin-inscription-Or-OK.pdf" target="_blank" rel="noreferrer noopener">&#8211; Bulletin Individuel d&#8217;Inscription</a><br><a href="https://canetaccueil.com/wp-content/uploads/2026/01/Annexe-11-Rosas-Souscr.-assurances-V1.pdf" data-type="link" data-id="https://canetaccueil.com/wp-content/uploads/2026/01/Annexe-11-Rosas-Souscr.-assurances-V1.pdf" target="_blank" rel="noreferrer noopener">&#8211; Assurances Optionnelles </a></p>



<h2 class="wp-block-heading has-text-align-center has-vivid-red-color has-light-green-cyan-background-color has-text-color has-background has-large-font-size"><strong>INSCRIPTIONS SAISON 2025/2026</strong><br>&#8211; Aux permanences Foyer Moudat<br>lundis, mercredis 14h &#8211; 16h30<br><br><strong>DOCUMENTS D&#8217;INSCRIPTION</strong>: <br> &#8211; <span style="color: #0000ff;"><strong><a href="https://canetaccueil.com/wp-content/uploads/2025/07/FICHE-INSCRIPTION-CANET-ACCUEIL-2025-2026-format-A4.pdf" data-type="link" data-id="https://canetaccueil.com/wp-content/uploads/2025/07/FICHE-INSCRIPTION-CANET-ACCUEIL-2025-2026-format-A4.pdf" target="_blank" rel="noreferrer noopener">Fiche Inscription Canet Accueil </a><br>&#8211; <a href="https://canetaccueil.com/wp-content/uploads/2025/08/Bulletin-Inscription-FFR-2025-2026-V1-1.pdf" data-type="link" data-id="https://canetaccueil.com/wp-content/uploads/2025/08/Bulletin-Inscription-FFR-2025-2026-V1-1.pdf" target="_blank" rel="noreferrer noopener">Bulletin Inscription FFRandonnée </a></strong></span> <br>&#8211; <strong><a href="https://canetaccueil.com/wp-content/uploads/2024/07/QUESTIONNAIRE-DE-SANTE-QS-–-SPORT-1.pdf" data-type="link" data-id="https://canetaccueil.com/wp-content/uploads/2024/07/QUESTIONNAIRE-DE-SANTE-QS-–-SPORT-1.pdf" target="_blank" rel="noreferrer noopener">Questionnaire Santé</a></strong> <br>&#8211; <strong><a href="https://canetaccueil.com/wp-content/uploads/2024/07/Attestation-Questionnaire-Sante-.pdf" data-type="link" data-id="https://canetaccueil.com/wp-content/uploads/2024/07/Attestation-Questionnaire-Sante-.pdf" target="_blank" rel="noreferrer noopener">Attestation Renouvellement Licence</a></strong><br><strong>&#8211; <a href="https://canetaccueil.com/wp-content/uploads/2025/09/Certificat-Medical-RS-2025-2026-.pdf" data-type="link" data-id="https://canetaccueil.com/wp-content/uploads/2025/09/Certificat-Medical-RS-2025-2026-.pdf" target="_blank" rel="noreferrer noopener">Certificat Médical spécifique Rando Santé</a><a href="https://canetaccueil.com/wp-content/uploads/2025/08/Certificat-Medical-RS-2025-2026-.pdf" target="_blank" rel="noreferrer noopener"></a></strong><br><strong>&#8211; <a href="https://canetaccueil.com/wp-content/uploads/2025/08/Rglt-General-Section-Rando-aout-2025-V1.pdf" data-type="link" data-id="https://canetaccueil.com/wp-content/uploads/2025/08/Rglt-General-Section-Rando-aout-2025-V1.pdf" target="_blank" rel="noreferrer noopener">Règlement Intérieur Section Rando, Marche, Marche Nordique</a></strong><br><strong>&#8211; <a href="https://canetaccueil.com/wp-content/uploads/2025/08/Rglt-R-Sante-Aout-2025-V1.pdf" data-type="link" data-id="https://canetaccueil.com/wp-content/uploads/2025/08/Rglt-R-Sante-Aout-2025-V1.pdf" target="_blank" rel="noreferrer noopener">Règlement Intérieur Additif Rando Santé</a></strong><br><br><strong>S&#8217;assurer pour 1, 8, 30 jours </strong><br><strong>avec le Pass Découverte</strong><br><a href="https://canetaccueil.com/wp-content/uploads/2025/08/Fiche-Pass-Decouverte-FFR-2025-2026-Image.pdf" data-type="link" data-id="https://canetaccueil.com/wp-content/uploads/2025/08/Fiche-Pass-Decouverte-FFR-2025-2026-Image.pdf" target="_blank" rel="noreferrer noopener">Fiche Inscription Pass Découverte</a><span style="color: #3366ff;"><span style="color: #ff0000;">&nbsp; &nbsp; </span></span><br></h2>



<div class="wp-block-group has-black-color has-white-background-color has-text-color has-background has-medium-font-size"><div class="wp-block-group__inner-container is-layout-constrained wp-block-group-is-layout-constrained">
<p class="has-text-align-left has-luminous-vivid-amber-color has-white-background-color has-text-color has-background has-large-font-size"><span style="color: #ff0000;">Le covoiturage est organisé à partir de Canet, depuis le <strong>parking des Floralies.</strong> </span><br><span style="color: #ff0000;">Les randonneurs qui se rendent directement sur le lieu de la randonnée doivent en informer l&#8217;animateur.</span></p>
</div></div>



<div class="wp-block-group has-black-color has-white-background-color has-text-color has-background is-vertical is-content-justification-center is-layout-flex wp-container-core-group-is-layout-4b2eccd6 wp-block-group-is-layout-flex">
<p class="has-text-align-center has-black-color has-text-color has-medium-font-size"><strong>Les Randos de mardis AM et Jeudis matin sont strictement les mêmes afin de <br>répartir les différents randonneurs et constituer des groupes &#8220;gérables&#8221;<br>Qu&#8217;on se le dise &#8230;&#8230;</strong></p>
</div>



<div class="wp-block-group has-white-background-color has-background is-vertical is-content-justification-center is-layout-flex wp-container-core-group-is-layout-4b2eccd6 wp-block-group-is-layout-flex">
<p class="has-text-align-center has-vivid-red-color has-white-background-color has-text-color has-background has-medium-font-size"></p>
</div>



<div class="wp-block-group alignwide is-vertical is-content-justification-center is-layout-flex wp-container-core-group-is-layout-4b2eccd6 wp-block-group-is-layout-flex">
<h4 style="text-align: center;"><span style="color: #ff6600;"><strong><span class="wsg-font-size-55">PARTENARIAT FEDERATION FRANCAISE DE RANDONNEE/INTERSPORT <br />PERPIGNAN Av d&#8217;Espagne, CANET<br /></span></strong></span><span style="color: #ff6600;"><strong>&#8211; Remise de 20 % sur présentation de votre licence et d&#8217;une pièce d&#8217;identité, </strong></span><span style="color: #ff6600;"><strong>pour l&#8217;achat de matériel et fournitures longe côte et/ou randonnée. <br />&#8211; Remise de 10% sur autres articles, (hors promotions , soldes et rayons cycles, musculation)</strong></span></h4>



<h3 class="wp-block-heading has-medium-font-size"><span style="color: #3366ff;"><span style="color: #ff0000;">&nbsp;&nbsp;</span> &nbsp; &nbsp;</span></h3>



<hr class="wp-block-separator has-alpha-channel-opacity is-style-default"/>



<hr class="wp-block-separator has-alpha-channel-opacity"/>



<p class="has-text-align-center wp-block-heading has-medium-font-size"></p>



<p class="has-text-align-center">______________________________________________________</p>



<hr class="wp-block-separator has-css-opacity"/>


<div class="wp-block-image is-resized">
<figure class="aligncenter"><img decoding="async" src="https://canetaccueil.com/wp-content/uploads/2022/06/Marcheur01-1.gif" alt="" class="wp-image-2669"/></figure>
</div>


<p></p>
</div>

<p>&#8211; INFOS RANDOS MARCHES &#8211;Modification de la rando mardi jour du 19 mai. **** ATTENTION ****Rendez vous pour les départs au Parking Les FloraliesIntersection Avenue des Floralies et Avenue du Grand large.En voiture, prendre&#46;&#46;&#46;</p>
