{"id":78,"date":"2019-08-26T21:30:38","date_gmt":"2019-08-26T19:30:38","guid":{"rendered":"http:\/\/canetaccueil.com\/?page_id=78"},"modified":"2025-10-04T19:30:56","modified_gmt":"2025-10-04T17:30:56","slug":"lassociation","status":"publish","type":"page","link":"https:\/\/canetaccueil.com\/index.php\/lassociation\/","title":{"rendered":"L&#8217;Association"},"content":{"rendered":"\n<h3 class=\"wp-block-heading\">A PROPOS DE NOUS<\/h3>\n\n\n<p>CANET ACCUEIL est une association loi 1901 d\u00e9clar\u00e9e en Pr\u00e9fecture des Pyr\u00e9n\u00e9es Orientales le 15 juillet 1985. Elle a son si\u00e8ge au Foyer MOUDAT 66140 Canet en Roussillon<\/p>\n<p>CANET ACCUEIL a pour objet des faciliter les contacts entre ses adh\u00e9rents, mais \u00e9galement avec la population locale et les nouveaux arrivants \u00e0 Canet et ses environs.<\/p>\n<p>L\u2019association propose des activit\u00e9s diverses facilitant les rencontres autour d\u2019actions motivantes, avec des segments permettant \u00e0 chacun de trouver sa place selon ses centres d\u2019int\u00e9r\u00eat.<br \/>Quels que soient vos hobbies, vous trouverez certainement \u00e0 CANET ACCUEIL des activit\u00e9s qui vous conviennent : activit\u00e9s ludiques (cartes, \u00e9checs, jeux de soci\u00e9t\u00e9..), activit\u00e9s artistiques (art du verre..), activit\u00e9s sportives (aquagym, marche aquatique, randonn\u00e9es, gym, yoga\u2026), activit\u00e9s culturelles (cours d\u2019Anglais ou d\u2019Italien, chorale, dict\u00e9e\u2026), et aussi : informatique, voyages, journ\u00e9es d\u00e9couvertes (cin\u00e9ma, mus\u00e9e, mini golf\u2026.)<\/p>\n<p>Venez rencontrer des personnes qui vous ressemblent et avec lesquelles vous passerez d\u2019agr\u00e9ables moments de partage, rejoignez nous, rejoignez CANET ACCUEIL .<\/p>\n<p>La Pr\u00e9sidente, le Conseil d\u2019Administration et tous les B\u00e9n\u00e9voles vous souhaitent la bienvenue<\/p>\n\n\n<hr class=\"wp-block-separator has-css-opacity\"\/>\n\n\n<p style=\"text-align: center;\"><a href=\"https:\/\/canetaccueil.com\/wp-content\/uploads\/2025\/08\/fiche-inscription-2025-2026.pdf\" target=\"_blank\" rel=\"noopener\">Formulaire d&#8217;inscription saison 2025\/2026<\/a><\/p>\n<p style=\"text-align: center;\"><a href=\"https:\/\/canetaccueil.com\/wp-content\/uploads\/2025\/08\/CALENDRIER-SAISON-2025.pdf\" target=\"_blank\" rel=\"noopener\">Calendrier 2025\/2026<\/a><\/p>\n\n\n<hr class=\"wp-block-separator has-css-opacity\"\/>\n\n\n\n<h3 class=\"wp-block-heading\">ACCUEIL<\/h3>\n\n\n\n<h4 class=\"wp-block-heading\">La permanence est assur\u00e9e tous les lundis et mercredis de 14h \u00e0 16h30<br>dans la salle extension 1 au Foyer Moudat.<br><em>(Sauf f\u00eates et vacances scolaires)<\/em><\/h4>\n\n\n\n<div class=\"wp-block-columns is-layout-flex wp-container-core-columns-is-layout-9d6595d7 wp-block-columns-is-layout-flex\">\n<div class=\"wp-block-column is-layout-flow wp-block-column-is-layout-flow\">\n<h4 class=\"wp-block-heading\">T\u00e9l: 06 68 84 83 12<br>canet.accueil@gmail.com<br>Foyer Moudat &#8211; Salle 1<br>rue Jean Mermoz &#8211; 66140 Canet en Roussillon<br><em>\u00e0 l&#8217;arri\u00e8re du b\u00e2timent France Services<\/em><\/h4>\n\n\n\n<p><\/p>\n<\/div>\n<\/div>\n\n\n\n<hr class=\"wp-block-separator has-alpha-channel-opacity\"\/>\n\n\n\n<h3 class=\"wp-block-heading\">MEMBRES du BUREAU et CONSEIL D\u2019ADMINISTRATION<\/h3>\n\n\n\n<figure class=\"wp-block-table\"><table><tbody><tr><td class=\"has-text-align-center\" data-align=\"center\"><strong>Anne-Marie JARRIER<\/strong><\/td><td class=\"has-text-align-center\" data-align=\"center\"><strong>Pr\u00e9sidente<\/strong><\/td><td class=\"has-text-align-center\" data-align=\"center\"><strong>06 68 84 83 12<\/strong><\/td><\/tr><tr><td class=\"has-text-align-center\" data-align=\"center\"><strong>Monique Plancard<\/strong><\/td><td class=\"has-text-align-center\" data-align=\"center\"><strong>Vice Pr\u00e9sidente<\/strong><\/td><td class=\"has-text-align-center\" data-align=\"center\"><strong>06 88 35 19 34<\/strong><\/td><\/tr><tr><td class=\"has-text-align-center\" data-align=\"center\">Marie-Rose EYRAUD<\/td><td class=\"has-text-align-center\" data-align=\"center\">Tr\u00e9sori\u00e8re \/ h\u00f4tesse<\/td><td class=\"has-text-align-center\" data-align=\"center\">06 78 50 62 57<\/td><\/tr><tr><td class=\"has-text-align-center\" data-align=\"center\">FROMENT V\u00e9ronique<\/td><td class=\"has-text-align-center\" data-align=\"center\">Secr\u00e9taire<\/td><td class=\"has-text-align-center\" data-align=\"center\">06 62 86 81 55<\/td><\/tr><tr><td class=\"has-text-align-center\" data-align=\"center\">NOEL Sylvie<\/td><td class=\"has-text-align-center\" data-align=\"center\">Secr\u00e9taire adjointe<\/td><td class=\"has-text-align-center\" data-align=\"center\">07 81 02 96 60<\/td><\/tr><tr><td class=\"has-text-align-center\" data-align=\"center\">PERRIN Michel<\/td><td class=\"has-text-align-center\" data-align=\"center\">Responsable Randonn\u00e9es<\/td><td class=\"has-text-align-center\" data-align=\"center\">06 71 89 72 68<\/td><\/tr><tr><td class=\"has-text-align-center\" data-align=\"center\">LEROY Martine<\/td><td class=\"has-text-align-center\" data-align=\"center\">Relation inter Avec les ateliers<\/td><td class=\"has-text-align-center\" data-align=\"center\">06 89 60 88 24<\/td><\/tr><\/tbody><\/table><\/figure>\n\n\n\n<h3 class=\"wp-block-heading\"><\/h3>\n\n\n\n\n\n<hr class=\"wp-block-separator has-css-opacity\"\/>\n\n\n\n<h3 class=\"wp-block-heading\">LES HOTESSES<\/h3>\n\n\n\n<figure class=\"wp-block-table\"><table><tbody><tr><td class=\"has-text-align-center\" data-align=\"center\">Jocelyne FOUCHY<\/td><td class=\"has-text-align-center\" data-align=\"center\">06 23 19 81 47<\/td><\/tr><tr><td class=\"has-text-align-center\" data-align=\"center\">Gis\u00e8le MOUTON<\/td><td class=\"has-text-align-center\" data-align=\"center\">06 45 70 29 14<\/td><\/tr><tr><td class=\"has-text-align-center\" data-align=\"center\">Nicole SELOSSE<\/td><td class=\"has-text-align-center\" data-align=\"center\">06 72 63 05 02<\/td><\/tr><\/tbody><\/table><\/figure>\n\n\n\n<hr class=\"wp-block-separator has-css-opacity\"\/>\n\n\n\n<h3 class=\"wp-block-heading\">LA CAFETERIA<\/h3>\n\n\n\n<p class=\"has-text-align-left\"><\/p>\n\n\n\n<h3 class=\"wp-block-heading\">VOYAGES et EXCURSIONS<\/h3>\n\n\n\n<p class=\"has-text-align-left\"><\/p>\n\n\n\n<h3 class=\"wp-block-heading\">CINEMA, SORTIES et VISITES<\/h3>\n\n\n\n<p class=\"has-text-align-left\"><\/p>\n\n\n\n<hr class=\"wp-block-separator has-css-opacity\"\/>\n\n\n\n<h3 class=\"wp-block-heading\">DOCUMENTS<\/h3>\n\n\n\n<h5 class=\"wp-block-heading\"><a href=\"https:\/\/canetaccueil.com\/wp-content\/uploads\/2019\/11\/statuts-canet-accueil.pdf\" target=\"_blank\" rel=\"noreferrer noopener\" aria-label=\"Statuts de l'association (s\u2019ouvre dans un nouvel onglet)\">Statuts de l&#8217;association<\/a><\/h5>\n\n\n\n<h5 class=\"wp-block-heading\"><a rel=\"noreferrer noopener\" aria-label=\" (s\u2019ouvre dans un nouvel onglet)\" href=\"https:\/\/canetaccueil.com\/wp-content\/uploads\/2019\/12\/REGLEMENT-INTERIEUR-CANET-ACCUEIL.pdf\" target=\"_blank\">Le r\u00e8glement int\u00e9rieur<\/a><\/h5>\n\n\n\n<h5 class=\"wp-block-heading\"><a href=\"https:\/\/canetaccueil.com\/wp-content\/uploads\/2025\/08\/Rglt-General-Section-Rando-aout-2025-V1.pdf\" target=\"_blank\" rel=\"noreferrer noopener\">R\u00e8glement Section Randonn\u00e9e, Rando Sant\u00e9\u00ae et Marche Nordique<\/a> <\/h5>\n\n\n\n<h5 class=\"wp-block-heading\"><a href=\"https:\/\/canetaccueil.com\/wp-content\/uploads\/2025\/08\/Rglt-R-Sante-Aout-2025-V1.pdf\" target=\"_blank\" rel=\"noreferrer noopener\">Additif au r\u00e8glement de la section Randonn\u00e9e et Rando sant\u00e9<\/a><a rel=\"noreferrer noopener\" href=\"https:\/\/canetaccueil.com\/wp-content\/uploads\/2024\/07\/Rglt-R-Sante-Or-V1.pdf\" target=\"_blank\">\u00ae<\/a>  <\/h5>\n\n\n\n<h5 class=\"wp-block-heading\"><strong><a href=\"https:\/\/canetaccueil.com\/wp-content\/uploads\/2025\/08\/REGLEMENT-INTERIEUR-Longe-Cote-26-Mai-2025.pdf\" target=\"_blank\" rel=\"noreferrer noopener\">R\u00e8glement int\u00e9rieur L<\/a><\/strong><a rel=\"noreferrer noopener\" href=\"https:\/\/canetaccueil.com\/wp-content\/uploads\/2025\/07\/reglement-interieur-longe-cote-26-mai-2025.pdf\" target=\"_blank\"><strong>onge C\u00f4te<\/strong><\/a><\/h5>\n","protected":false},"excerpt":{"rendered":"<p>A PROPOS DE NOUS CANET ACCUEIL est une association loi 1901 d\u00e9clar\u00e9e en Pr\u00e9fecture des Pyr\u00e9n\u00e9es Orientales le 15 juillet 1985. Elle a son si\u00e8ge au Foyer MOUDAT 66140 Canet en Roussillon CANET ACCUEIL&#46;&#46;&#46;<\/p>\n","protected":false},"author":31,"featured_media":0,"parent":0,"menu_order":0,"comment_status":"closed","ping_status":"closed","template":"","meta":{"footnotes":""},"class_list":["post-78","page","type-page","status-publish","hentry"],"_links":{"self":[{"href":"https:\/\/canetaccueil.com\/index.php\/wp-json\/wp\/v2\/pages\/78","targetHints":{"allow":["GET"]}}],"collection":[{"href":"https:\/\/canetaccueil.com\/index.php\/wp-json\/wp\/v2\/pages"}],"about":[{"href":"https:\/\/canetaccueil.com\/index.php\/wp-json\/wp\/v2\/types\/page"}],"author":[{"embeddable":true,"href":"https:\/\/canetaccueil.com\/index.php\/wp-json\/wp\/v2\/users\/31"}],"replies":[{"embeddable":true,"href":"https:\/\/canetaccueil.com\/index.php\/wp-json\/wp\/v2\/comments?post=78"}],"version-history":[{"count":182,"href":"https:\/\/canetaccueil.com\/index.php\/wp-json\/wp\/v2\/pages\/78\/revisions"}],"predecessor-version":[{"id":10648,"href":"https:\/\/canetaccueil.com\/index.php\/wp-json\/wp\/v2\/pages\/78\/revisions\/10648"}],"wp:attachment":[{"href":"https:\/\/canetaccueil.com\/index.php\/wp-json\/wp\/v2\/media?parent=78"}],"curies":[{"name":"wp","href":"https:\/\/api.w.org\/{rel}","templated":true}]}}