{"id":9551,"date":"2025-01-20T09:24:48","date_gmt":"2025-01-20T08:24:48","guid":{"rendered":"https:\/\/canetaccueil.com\/?page_id=9551"},"modified":"2025-01-20T09:28:58","modified_gmt":"2025-01-20T08:28:58","slug":"2023-3","status":"publish","type":"page","link":"https:\/\/canetaccueil.com\/index.php\/rando-marche-marche-nordique\/photos\/2023-3\/","title":{"rendered":"2023"},"content":{"rendered":"\n<h2 class=\"wp-block-heading has-text-align-center\">PHOTOS 2023<\/h2>\n\n\n\n<div class=\"wp-block-columns is-layout-flex wp-container-core-columns-is-layout-9d6595d7 wp-block-columns-is-layout-flex\">\n<div class=\"wp-block-column is-layout-flow wp-block-column-is-layout-flow\">\n<p><a rel=\"noreferrer noopener\" href=\"https:\/\/photos.app.goo.gl\/TD24L819RSouVhy46\" target=\"_blank\">St Hippolyte 03\/01\/2023<\/a><br><a rel=\"noreferrer noopener\" href=\"https:\/\/photos.app.goo.gl\/GLMaysroMWrY5feE8\" target=\"_blank\">Banyuls &#8211; Brau d&#8217;Abeille 03\/01\/2023<\/a><br><a rel=\"noreferrer noopener\" href=\"https:\/\/photos.app.goo.gl\/2mGdxnDe9MdfotRK7\" target=\"_blank\">Marche Argeles &#8211; ND de Vie 04\/01\/2023<\/a><br><a rel=\"noreferrer noopener\" href=\"https:\/\/photos.app.goo.gl\/J24f6XWuRonhohMTA\" target=\"_blank\">Villefranche Conflent &#8211; ND de Vie 05\/01\/2023<\/a><br><a rel=\"noreferrer noopener\" href=\"https:\/\/photos.app.goo.gl\/d9F9XXvUrRiNFjHk8\" target=\"_blank\">St Michel de Llotes &#8211; Casefabre 10\/01\/2023<\/a><br><a href=\"https:\/\/photos.app.goo.gl\/wztGRMXSf9vHY2XRA\">Vives &#8211; Sentier du Li\u00e8ge 10\/01\/2023<\/a><br><a rel=\"noreferrer noopener\" href=\"https:\/\/photos.app.goo.gl\/936DhbkgJV6sFAWm7\" target=\"_blank\">Caudi\u00e8s &#8211; Campeau 12\/01\/2023<\/a><br><a rel=\"noreferrer noopener\" href=\"https:\/\/photos.app.goo.gl\/K6Z74htkR4eDXdqy5\" target=\"_blank\">Vives &#8211; Chemin du li\u00e8ge 12\/01\/2023<\/a><br><a rel=\"noreferrer noopener\" href=\"https:\/\/photos.app.goo.gl\/pmY6cL6Fvy1Fc6yBA\" target=\"_blank\">Banyuls &#8211; La Madeloc 19\/01\/2023<\/a><br><a rel=\"noreferrer noopener\" href=\"https:\/\/photos.app.goo.gl\/W2SqsCuLjajuU36W6\" target=\"_blank\">Fourques &#8211; Ch Adrienne 19\/01\/2023<\/a><br><a rel=\"noreferrer noopener\" href=\"https:\/\/photos.app.goo.gl\/wiN6XWxfca9hgsNN8\" target=\"_blank\">St Nazaire &#8211; Sentier du terroir 24\/01\/2023<\/a><br><a rel=\"noreferrer noopener\" href=\"https:\/\/photos.app.goo.gl\/PVAAXxQgi5C9GR188\" target=\"_blank\">Banyuls &#8211; Tour Querroig 26\/01\/2023<\/a><br><a rel=\"noreferrer noopener\" href=\"https:\/\/photos.app.goo.gl\/8UfYT75L4ny8aQKm8\" target=\"_blank\">Corneilla la Rivi\u00e8re &#8211; For\u00e7a R\u00e9al 31\/01\/2023<\/a><br><a rel=\"noreferrer noopener\" href=\"https:\/\/photos.app.goo.gl\/3McqWMr6Z5og6CzWA\" target=\"_blank\">Glorianes &#8211; Roc rouge, les mines 02\/02\/2023<\/a><br><a rel=\"noreferrer noopener\" href=\"https:\/\/photos.app.goo.gl\/QTL471hiSmTo64xH7\" target=\"_blank\">Marche Nordique 13\/01- 03\/02\/2023<\/a><br><a rel=\"noreferrer noopener\" href=\"https:\/\/photos.app.goo.gl\/nT6RPt1mDAxytBYj8\" target=\"_blank\">Tord\u00e8res LLauro 09\/02\/2023<\/a><br><a rel=\"noreferrer noopener\" href=\"https:\/\/photos.app.goo.gl\/VX4hKDzo7zK6tN7D7\" target=\"_blank\">Ste Colombe Commanderie &#8211; Roc Majorque 09\/02\/2023<\/a><br><a rel=\"noreferrer noopener\" href=\"https:\/\/photos.app.goo.gl\/UtCtG86MCXNqSdGe7\" target=\"_blank\">Port Vendres &#8211; Taillefer Collioure 14\/02\/2023<\/a><br><a rel=\"noreferrer noopener\" href=\"https:\/\/photos.app.goo.gl\/CMNKvn9dxtzHPD979\" target=\"_blank\">Embres et Castelmaure 16\/02\/2023<\/a><br><br><br><br><br><br><br><br><br><br><br><\/p>\n<\/div>\n\n\n\n<div class=\"wp-block-column is-layout-flow wp-block-column-is-layout-flow\">\n<p><a rel=\"noreferrer noopener\" href=\"https:\/\/photos.app.goo.gl\/14FUNoc5tKDrH4658\" target=\"_blank\">Le Racou &#8211; Collioure 07\/03\/2023<\/a><br><a rel=\"noreferrer noopener\" href=\"https:\/\/photos.app.goo.gl\/9ZH6jnQ6nDjQh9gP6\" target=\"_blank\">Sorede -Roc de Medes 07\/03\/2023<\/a><br><a rel=\"noreferrer noopener\" href=\"https:\/\/photos.app.goo.gl\/jT1raqUbL9ENpsNx9\" target=\"_blank\">Marche Laroque 08\/03\/2023<\/a><br><a rel=\"noreferrer noopener\" href=\"https:\/\/photos.app.goo.gl\/Q3CY2duHEdNHB41y6\" target=\"_blank\">Le Racou &#8211; Collioure 09\/03\/2023<\/a><br><a rel=\"noreferrer noopener\" href=\"https:\/\/photos.app.goo.gl\/XPHHmCuY74b1nxpf8\" target=\"_blank\">Sahorre 09\/03\/2023<\/a><br><a rel=\"noreferrer noopener\" href=\"https:\/\/photos.app.goo.gl\/XigsWxzjpeB9qtFB9\" target=\"_blank\">St Martin l&#8217;Alb\u00e8re 14\/03\/2023<\/a><br><a rel=\"noreferrer noopener\" href=\"https:\/\/photos.app.goo.gl\/wRjqjT6m9KKfaiR16\" target=\"_blank\">Panissars 14\/03\/2023<\/a><br><a rel=\"noreferrer noopener\" href=\"https:\/\/photos.app.goo.gl\/zaFueBjcvXU3h6fo7\" target=\"_blank\">Marche Villemolaque &#8211; Monastir del Camp 15\/03\/2023<\/a><br><a rel=\"noreferrer noopener\" href=\"https:\/\/photos.app.goo.gl\/WPUT1MmWLkr1tDmVA\" target=\"_blank\">Las Illas Pic des Salines 16\/03\/2023<\/a><br><a rel=\"noreferrer noopener\" href=\"https:\/\/photos.app.goo.gl\/mLQf6dTjWrB3kELg8\" target=\"_blank\">Termes &#8211; Moulitor 21\/03\/2023<\/a><br><a rel=\"noreferrer noopener\" href=\"https:\/\/photos.app.goo.gl\/kHihUGt56hgPRGWt9\" target=\"_blank\">Sorede &#8211; La Fargue 23\/03\/2023<\/a><br><a rel=\"noreferrer noopener\" href=\"https:\/\/photos.app.goo.gl\/JpYqdzrc39br5FvT7\" target=\"_blank\">Peyriac de Mer 28\/03\/2023<\/a><br><a rel=\"noreferrer noopener\" href=\"https:\/\/photos.app.goo.gl\/CG5tLxybcRXs1M528\" target=\"_blank\">Vernet les Bains 30\/03\/2023<\/a><br><a rel=\"noreferrer noopener\" href=\"https:\/\/photos.app.goo.gl\/KyfqXnaQeWv2BhobA\" target=\"_blank\">St Michel de Cuxa 04\/04\/2023<\/a><br><a rel=\"noreferrer noopener\" href=\"https:\/\/photos.app.goo.gl\/HH49C8Fmcyukyf6K8\" target=\"_blank\">Fitou, la garrigue 13\/04\/2023<\/a><br><a rel=\"noreferrer noopener\" href=\"https:\/\/photos.app.goo.gl\/CKX9rkDGD8ghUaTJ7\" target=\"_blank\">Corb\u00e8re les Cabanes 06\/04\/2023<\/a><br><a rel=\"noreferrer noopener\" href=\"https:\/\/photos.app.goo.gl\/NX6Bcp5XZDP1mhvz6\" target=\"_blank\">Molitg les Bains 11\/02\/2023<\/a><br><a rel=\"noreferrer noopener\" href=\"https:\/\/photos.app.goo.gl\/UjfPtL9mfrJyp9Rc8\" target=\"_blank\">Villefranche de Conflent 13\/04\/2023<\/a><br><a rel=\"noreferrer noopener\" href=\"https:\/\/photos.app.goo.gl\/tvmT9GW8xh519ceB6\" target=\"_blank\">Fourques 18<\/a><a rel=\"noreferrer noopener\" href=\"https:\/\/photos.app.goo.gl\/tvmT9GW8xh519ceB6\" target=\"_blank\"> <\/a><a rel=\"noreferrer noopener\" href=\"https:\/\/photos.app.goo.gl\/tvmT9GW8xh519ceB6\" target=\"_blank\">20\/04\/2023<\/a><br><br><br><br><\/p>\n<\/div>\n\n\n\n<div class=\"wp-block-column is-layout-flow wp-block-column-is-layout-flow\">\n<p><a rel=\"noreferrer noopener\" href=\"https:\/\/photos.app.goo.gl\/KHtuB2RSUmBtUSAk9\" target=\"_blank\">Arles \/ Tech 18\/04\/2023<\/a><br><a rel=\"noreferrer noopener\" href=\"https:\/\/photos.app.goo.gl\/7vaN5GyxTyouAXcM9\" target=\"_blank\">Fourques 18 et 20\/04\/2023<\/a><br><a rel=\"noreferrer noopener\" href=\"https:\/\/photos.app.goo.gl\/8485RPiCVaSAEcz49\" target=\"_blank\">Montferrer &#8211; tour de la Souque 20\/04\/2023<\/a><br><a rel=\"noreferrer noopener\" href=\"https:\/\/photos.app.goo.gl\/F5Dis7Xzwv1attZW9\" target=\"_blank\">Montauriol 02\/05\/2023<\/a><br><a rel=\"noreferrer noopener\" href=\"https:\/\/photos.app.goo.gl\/fGJNdfjhFA6PyRgo9\" target=\"_blank\">Roses 06\/05\/2023<\/a><br><a rel=\"noreferrer noopener\" href=\"https:\/\/photos.app.goo.gl\/ct4YbARScK9z1kwG7\" target=\"_blank\">Roses 07\/05\/2023<\/a><br><a rel=\"noreferrer noopener\" href=\"https:\/\/photos.app.goo.gl\/M3mDew6QjGry61rn7\" target=\"_blank\">Corb\u00e8re de Dalt 09 11\/05\/2023<\/a><br><a rel=\"noreferrer noopener\" href=\"https:\/\/photos.app.goo.gl\/nLfGoUqpjsSiLKEf8\" target=\"_blank\">Ma\u00e7anet 09\/05\/2023<\/a><br><a rel=\"noreferrer noopener\" href=\"https:\/\/photos.app.goo.gl\/popjRabTJaw6W43o8\" target=\"_blank\">Ria 11\/05\/2023<\/a><br><a rel=\"noreferrer noopener\" href=\"https:\/\/photos.app.goo.gl\/HSFddi6oFTMjFTkQ6\" target=\"_blank\">Laroque 16\/05\/2023<\/a><\/p>\n\n\n\n<p><\/p>\n\n\n\n<p><br><a rel=\"noreferrer noopener\" href=\"https:\/\/photos.app.goo.gl\/Z8pyMDBzRnQ7BGoT6\" target=\"_blank\">Vernet 21\/09\/2023<\/a><br><a rel=\"noreferrer noopener\" href=\"https:\/\/photos.app.goo.gl\/Ja1DYrDxZZrGUUuE9\" target=\"_blank\">Cattlar 26\/09\/202<\/a>3<br><a rel=\"noreferrer noopener\" href=\"https:\/\/photos.app.goo.gl\/saFNFYKk8CWGjdNw7\" target=\"_blank\">Thues 28\/09\/2023<\/a><br><a rel=\"noreferrer noopener\" href=\"https:\/\/photos.app.goo.gl\/keHKiyg4G9u5YmRn7\" target=\"_blank\">Caramany Trilla 03\/10\/2023<\/a><br><a href=\"https:\/\/photos.app.goo.gl\/22ui12b1e5WzfyXo6\">Mosset 05\/1<\/a><a rel=\"noreferrer noopener\" href=\"https:\/\/photos.app.goo.gl\/22ui12b1e5WzfyXo6\" target=\"_blank\">0\/2023<\/a><br><a rel=\"noreferrer noopener\" href=\"https:\/\/photos.app.goo.gl\/r5V4UyXNLbsrtnAH6\" target=\"_blank\">Villefranche Conflent 10\/10\/2023<\/a><br><a rel=\"noreferrer noopener\" href=\"https:\/\/photos.app.goo.gl\/URf4S4pgL8s5KAPr8\" target=\"_blank\">Les Angles 12\/10\/2023<\/a><br><a rel=\"noreferrer noopener\" href=\"https:\/\/photos.app.goo.gl\/gAXn6iTYesmprVF99\" data-type=\"link\" data-id=\"https:\/\/photos.app.goo.gl\/gAXn6iTYesmprVF99\" target=\"_blank\">Jujols 17\/10\/2023<\/a><br><a rel=\"noreferrer noopener\" href=\"https:\/\/photos.app.goo.gl\/9kE9BpM4fJArx86n7\" data-type=\"link\" data-id=\"https:\/\/photos.app.goo.gl\/9kE9BpM4fJArx86n7\" target=\"_blank\">Evol 19\/10\/2023<\/a><br><a href=\"https:\/\/photos.app.goo.gl\/UUnS6SMPLEjfzQVa8\" data-type=\"link\" data-id=\"https:\/\/photos.app.goo.gl\/UUnS6SMPLEjfzQVa8\">Darn<\/a><a rel=\"noreferrer noopener\" href=\"https:\/\/photos.app.goo.gl\/UUnS6SMPLEjfzQVa8\" data-type=\"link\" data-id=\"https:\/\/photos.app.goo.gl\/UUnS6SMPLEjfzQVa8\" target=\"_blank\">ius 2<\/a><a href=\"https:\/\/photos.app.goo.gl\/UUnS6SMPLEjfzQVa8\" data-type=\"link\" data-id=\"https:\/\/photos.app.goo.gl\/UUnS6SMPLEjfzQVa8\">4\/10\/2023<\/a><br><a rel=\"noreferrer noopener\" href=\"https:\/\/photos.app.goo.gl\/ikqZSRYLoeuEvk7t6\" data-type=\"link\" data-id=\"https:\/\/photos.app.goo.gl\/ikqZSRYLoeuEvk7t6\" target=\"_blank\">Arles 26\/10\/2023<\/a><br><a rel=\"noreferrer noopener\" href=\"https:\/\/photos.app.goo.gl\/ynAsnFMA4qpvmSEw6\" data-type=\"link\" data-id=\"https:\/\/photos.app.goo.gl\/ynAsnFMA4qpvmSEw6\" target=\"_blank\">Pezilla 31\/10\/2023<\/a><br><a rel=\"noreferrer noopener\" href=\"https:\/\/photos.app.goo.gl\/tXtmnq3xo7Rc9FJKA\" data-type=\"link\" data-id=\"https:\/\/photos.app.goo.gl\/tXtmnq3xo7Rc9FJKA\" target=\"_blank\">Padern 07\/11\/2023<\/a><br><a rel=\"noreferrer noopener\" href=\"https:\/\/photos.app.goo.gl\/y7bUfDE3TsJR3SVo8\" target=\"_blank\">Sournia 14\/11\/2023<\/a><br><a rel=\"noreferrer noopener\" href=\"https:\/\/photos.app.goo.gl\/rCcBNdWY9jV52WGr9\" data-type=\"link\" data-id=\"https:\/\/photos.app.goo.gl\/rCcBNdWY9jV52WGr9\" target=\"_blank\">Le Perthus16\/11\/2023<\/a><br><a rel=\"noreferrer noopener\" href=\"https:\/\/photos.app.goo.gl\/BA2sZPuoLkGEU1gY6\" data-type=\"link\" data-id=\"https:\/\/photos.app.goo.gl\/BA2sZPuoLkGEU1gY6\" target=\"_blank\">Boule d&#8217;Amont 21\/11\/2023<\/a><br><a rel=\"noreferrer noopener\" href=\"https:\/\/photos.app.goo.gl\/3stYG1KMPaCTFXco9\" data-type=\"link\" data-id=\"https:\/\/photos.app.goo.gl\/3stYG1KMPaCTFXco9\" target=\"_blank\">Laroque 23\/11\/2023<\/a><br><a rel=\"noreferrer noopener\" href=\"https:\/\/photos.app.goo.gl\/NQhsFFSKNpSPotePA\" data-type=\"link\" data-id=\"https:\/\/photos.app.goo.gl\/NQhsFFSKNpSPotePA\" target=\"_blank\">St Guillem 28\/11\/2023<\/a><br><a rel=\"noreferrer noopener\" href=\"https:\/\/photos.app.goo.gl\/kkcTXV38V8Kwzxw2A\" data-type=\"link\" data-id=\"https:\/\/photos.app.goo.gl\/kkcTXV38V8Kwzxw2A\" target=\"_blank\">Prats de Mollo 30\/11\/2023<\/a><br><a rel=\"noreferrer noopener\" href=\"https:\/\/photos.app.goo.gl\/k1nmqNNkh39uXSZF9\" data-type=\"link\" data-id=\"https:\/\/photos.app.goo.gl\/k1nmqNNkh39uXSZF9\" target=\"_blank\">Serralongue 07\/12\/2023<\/a><\/p>\n\n\n\n<p><a rel=\"noreferrer noopener\" href=\"https:\/\/photos.app.goo.gl\/vsxMCMABq7x3T6yX9\" data-type=\"link\" data-id=\"https:\/\/photos.app.goo.gl\/vsxMCMABq7x3T6yX9\" target=\"_blank\">Baillestavy 14\/12\/202<\/a>3<br><br><\/p>\n<\/div>\n<\/div>\n","protected":false},"excerpt":{"rendered":"<p>PHOTOS 2023 St Hippolyte 03\/01\/2023Banyuls &#8211; Brau d&#8217;Abeille 03\/01\/2023Marche Argeles &#8211; ND de Vie 04\/01\/2023Villefranche Conflent &#8211; ND de Vie 05\/01\/2023St Michel de Llotes &#8211; Casefabre 10\/01\/2023Vives &#8211; Sentier du Li\u00e8ge 10\/01\/2023Caudi\u00e8s &#8211; Campeau&#46;&#46;&#46;<\/p>\n","protected":false},"author":31,"featured_media":0,"parent":1262,"menu_order":0,"comment_status":"closed","ping_status":"closed","template":"","meta":{"footnotes":""},"class_list":["post-9551","page","type-page","status-publish","hentry"],"_links":{"self":[{"href":"https:\/\/canetaccueil.com\/index.php\/wp-json\/wp\/v2\/pages\/9551","targetHints":{"allow":["GET"]}}],"collection":[{"href":"https:\/\/canetaccueil.com\/index.php\/wp-json\/wp\/v2\/pages"}],"about":[{"href":"https:\/\/canetaccueil.com\/index.php\/wp-json\/wp\/v2\/types\/page"}],"author":[{"embeddable":true,"href":"https:\/\/canetaccueil.com\/index.php\/wp-json\/wp\/v2\/users\/31"}],"replies":[{"embeddable":true,"href":"https:\/\/canetaccueil.com\/index.php\/wp-json\/wp\/v2\/comments?post=9551"}],"version-history":[{"count":2,"href":"https:\/\/canetaccueil.com\/index.php\/wp-json\/wp\/v2\/pages\/9551\/revisions"}],"predecessor-version":[{"id":9554,"href":"https:\/\/canetaccueil.com\/index.php\/wp-json\/wp\/v2\/pages\/9551\/revisions\/9554"}],"up":[{"embeddable":true,"href":"https:\/\/canetaccueil.com\/index.php\/wp-json\/wp\/v2\/pages\/1262"}],"wp:attachment":[{"href":"https:\/\/canetaccueil.com\/index.php\/wp-json\/wp\/v2\/media?parent=9551"}],"curies":[{"name":"wp","href":"https:\/\/api.w.org\/{rel}","templated":true}]}}